 189. Is j composite?
False
Suppose 0 = -220*i + 44633101 + 1006999. Is i a prime number?
False
Let v = 2457 - -148028. Is v composite?
True
Suppose 8*l - 539 = 157. Let u = l + -91. Let x(h) = -12*h**3 + h**2 - 7*h + 9. Is x(u) composite?
False
Let k = -16384 + 78245. Is k prime?
True
Let t(r) = 1 - r**2 - 20*r + 299*r**3 - 150*r**3 - 150*r**3 - 16. Is t(-14) composite?
True
Let p = -32082 - -15749. Let d = 24134 + p. Is d prime?
False
Suppose 0 = 18*n - 11835 - 531. Let x = n + -368. Is x composite?
True
Let f(s) = 2*s + 8. Let w be f(-3). Suppose k - 12 = -3*d, 3*k = -d + w*d - 14. Is 2/(d + 2/(-2))*694 composite?
False
Let a(i) be the first derivative of i**4/4 - 2*i**3 - 9*i**2/2 + 71*i + 58. Is a(18) prime?
True
Suppose -4*n - 5*j + 497803 = 0, -2*n - 5*j - 622220 = -7*n. Is n composite?
False
Let a = 2 + 2. Suppose -a*h - 24 + 24 = 0. Suppose h = 2*s + 2*s, -5*p + 615 = 5*s. Is p composite?
True
Suppose -4*g - 4*t = -0*g - 80, -40 = -3*g + 2*t. Suppose -11*f - 50 = -g*f. Suppose -5*y - 2335 = -f*y. Is y prime?
True
Suppose 59*m + 97072 - 756810 = 0. Is m a composite number?
True
Let l = -75356 - -322533. Is l composite?
True
Let f = 57 - 53. Let u(m) = m**3 + 2*m**2 - m + 4. Let v be u(-3). Is 2/f*-1795*v a composite number?
True
Suppose 4*w - 15576 = 22436. Suppose 6*u - w = 7363. Is 6/12 + u/6 composite?
True
Suppose -40774855 = -234*t + 139*t. Is t composite?
True
Let f = 177230 - 103113. Is f a prime number?
False
Let r = -269 + 382. Suppose 3*l = 1132 + r. Is l a prime number?
False
Is 1/((-1)/(-1421973)) + (-15 - -5) a prime number?
True
Let y be 1/(-1) + (5 - 2979). Let k = 13775 + -9363. Let u = k + y. Is u composite?
True
Suppose 2865*x - 578660 = 2861*x. Is x prime?
False
Let u = -161 + -619. Let s = 1691 + u. Is s composite?
False
Suppose -144*h + 134*h = -908540. Is h a composite number?
True
Suppose -279135 + 1078016 = 17*y. Is y a prime number?
True
Let a be (-20)/40 + 108/(-8). Is ((-10462)/(-6))/1*(35 + a) a composite number?
True
Let k(i) = 606*i**2 + 63*i + 739. Is k(-10) a composite number?
True
Suppose -10*b + 6*b = -19632. Suppose -b = -0*w - 6*w. Is w a composite number?
True
Let b(p) be the second derivative of 2*p**4/3 + 16*p**3/3 - 15*p**2/2 + 4*p + 8. Is b(-21) prime?
False
Suppose -8*m - 1387 = 157. Let f = m - -4484. Is f a prime number?
False
Let b be (8 + -3 + -1163)*(-66)/(-9). Let n = 19485 + b. Is n prime?
True
Suppose -43627684 = -100*g - 16213184. Is g composite?
True
Let o(m) = -5691*m + 260. Is o(-7) a prime number?
False
Suppose 16 = -43*n + 47*n. Suppose -9 - n = -13*a. Suppose 3*o + x - 6*x - 742 = 0, a = x. Is o a prime number?
False
Suppose -6*x - 2*q = -3622142, -1963*q + 1961*q + 8 = 0. Is x composite?
False
Let v(a) = -14*a + 2 - 10*a**3 - 8*a - 10*a**2 - 17*a**2 + 8*a**3. Is v(-19) composite?
False
Let c(b) = -30217*b - 355. Is c(-8) a prime number?
False
Let m be 1055902/329 - (-8)/14. Let o = m - 2243. Is o prime?
True
Suppose 5*d - 92 = 9*d. Suppose 7*h - 583 = 201. Let q = d + h. Is q prime?
True
Suppose -o - 3*v + 15 = -7*v, -2*o + 20 = 2*v. Suppose -f - 5*g = -4857, -4*f + o*g + 19518 = 13*g. Is f a composite number?
True
Suppose 4*k - 103965 = -3*z, -3*z - 5*k + 19566 = -84393. Is z a prime number?
False
Suppose 6*p = 12*p + 66. Let a = 5 - p. Let r(c) = 11*c + 1. Is r(a) prime?
False
Let d be 98478/3*(-16)/(-3). Suppose d + 12745 = 7*j. Is j a prime number?
False
Suppose 427 - 427 = -v. Suppose v = 27*t - 21*t - 27042. Is t a composite number?
False
Suppose -3*c + 56 = 4*c. Let n be ((-12)/c + 2)*0. Suppose -5*h + 6*m = 3*m - 1750, -5*h + 4*m + 1755 = n. Is h a prime number?
True
Suppose -p - 6 = -16. Suppose -p*t + 8*t - 12 = 0. Is (3/(t/1982))/(-3 - -2) a prime number?
True
Suppose 5*r = -2*w + 29997, -w + 24000 = 18*r - 14*r. Is r a prime number?
False
Let q(x) = 6*x**2 + 5*x + 37. Suppose 3*g = 7*g + 64. Let n = -26 - g. Is q(n) a prime number?
True
Let o(p) = 2*p**3 - 46*p**2 + 95*p + 59. Is o(24) composite?
False
Let h(f) = 20*f**2 - 13*f - 6. Let a be h(9). Is (a/(-6))/((-5)/(8 + 2)) a composite number?
False
Let o(w) be the third derivative of 26*w**5/5 - 5*w**4/6 + 11*w**3/2 + 102*w**2 - 2*w. Is o(8) a prime number?
True
Suppose -4*m = -25*p + 22*p - 1087313, 0 = 2*m - 4*p - 543674. Is m a prime number?
False
Let u = -31 - -29. Let t(a) = -15*a**2 + 4*a + 17. Let n(h) = h**3 - h**2 - 1. Let o(q) = u*n(q) + t(q). Is o(-10) prime?
False
Let o(x) = 1854*x - 65. Is o(2) composite?
False
Suppose -5*y = 3*m - 620, 5*y + 0*m = -2*m + 625. Let w = y - 892. Let v = w - -1852. Is v a prime number?
True
Let j = 86026 - -145893. Is j composite?
False
Suppose -2*o = 2*o - 36. Let y = 13 - o. Suppose -y = 4*l, 968 = 3*g - 5*l - 690. Is g composite?
True
Suppose 34*q = 38*q - 12. Suppose -4*o + x = -4347, 3263 = q*o + 3*x - x. Is o a composite number?
False
Let g = 44284 + -14901. Is g prime?
True
Suppose 384531 = 30*i - 1854540 - 1021539. Is i a prime number?
False
Suppose 3*d = 8*d - 10. Let g = d - -10. Is (249/(-9))/((-2)/g) a composite number?
True
Let i = -825 - -1884. Suppose 1910 = -3*q + 176. Let m = q + i. Is m a prime number?
False
Is -36 + (-1947)/(-55) + 83812*(-4)/(-5) prime?
True
Let o = 122452 - 39315. Is o a prime number?
True
Let a(u) = 2*u**2 + 9*u + 2. Let n be a(-6). Suppose -3*h - h + 3*i = -35, -3*h + i = -n. Suppose h*m + 5*r - 888 - 997 = 0, 4*m + 2*r - 1512 = 0. Is m prime?
True
Let z(p) = 10*p**2 + 26*p + 41. Let k(j) = 3*j**2 + 9*j + 14. Let n(a) = 7*k(a) - 2*z(a). Let u be n(-9). Is (-4535)/u*44/55 a composite number?
True
Suppose 3*t = -4*t + 126952. Suppose -5*v - t = -13*v. Is v a prime number?
True
Suppose -2*i = -5*y - 4780, 3847 = -4*y - i - 2*i. Let r = y + 1925. Is r a composite number?
False
Suppose 0 = h + 4*a - 14, -3*h - 2*h + 2*a = -48. Let w be (-3066)/15 - (-4)/h. Let p = w + 430. Is p a composite number?
True
Let z(p) = 56*p**2 + 5*p + 6. Let s be z(-10). Suppose -9*i + 4*i = o + s, -4*i + 2*o = 4456. Let b = i - -1565. Is b a prime number?
False
Let a(j) = -j**2 + 15*j - 43. Let p be a(4). Is (-773)/(p/(-2)*(-6)/(-33)) a prime number?
False
Let i(j) = 11737*j + 101. Let p be i(7). Let z = p + -53949. Is z prime?
False
Suppose 7*x + 3400 = -2928. Let d = x - 638. Let z = d - -2729. Is z a prime number?
True
Suppose 30*w + 70268 = -14*w. Let g = 4326 - w. Is g composite?
False
Suppose -i - 1173 = -815. Let d = i - -425. Is d a prime number?
True
Suppose -3*b = 3*b - 5*b - 34439. Is b a composite number?
False
Let z be ((32/(-5))/8)/((-3)/45). Suppose -3*i + 0*i - 4*j - 2 = 0, 0 = 5*i - 2*j - 14. Is 7971/18 + i/z prime?
True
Let a = -118753 - -251295. Is a prime?
False
Let f(d) = 105*d + 223. Let g be f(8). Suppose -1067*z = -g*z - 42548. Is z a composite number?
True
Let q = 1661 - -21584. Is q composite?
True
Suppose 0 = 5*d + 57 - 47. Is 10765/15 + d/3 a composite number?
True
Let g(u) = 4*u**2 + 53*u + 61. Let d(n) = n**2 + 13*n + 15. Let v(p) = 9*d(p) - 2*g(p). Let a be v(-23). Let m = -192 + a. Is m a composite number?
False
Let n(r) = 5782*r**3 + 3*r**2 - 60*r + 201. Is n(4) prime?
True
Is -82129*(-3 - -6)/(-3)*(0 + 1) composite?
False
Let b = -441 + 2316. Suppose -i - 682 = -b. Is i a prime number?
True
Let b(g) = 146*g + 4. Let p be b(10). Let c = p + 1166. Is 1/(5262/c - (-1 - -3)) a composite number?
True
Suppose 5*u + 25 = 0, 4*w = -2*u - u - 7. Suppose 4*v = w*t - 2754, -6*t = -t - 5. Let i = v - -1229. Is i a composite number?
False
Is (-104)/624*(-274901 + -1) a composite number?
False
Let f(h) be the first derivative of -3*h**2/2 - 18*h - 14. Let p be f(-10). Is 4/p*-3 - -32 prime?
True
Suppose -4*w + 56 = -y, 4*y = w + 9*y - 14. Suppose -14*r - w*r = -8876. Is r composite?
False
Let u(w) = -3032*w**3 - 42*w - 153. Is u(-5) a prime number?
False
Suppose 3*b + 1097809 = 5*z, -61*b + 59*b + 1097819 = 5*z. Is z composite?
True
Let b(q) be the third derivative of -q**6/120 - q**5/6 - 11*q**4/24 - 5*q**3/6 - 7*q**2. Let n be b(-9). Suppose n*d + 892 = 17*d. Is d prime?
True
Let l be -2 + 16/(-3 + -1). Let u = l - -9. Is 222*(8 - u)/15 composite?
True
Let i(a) be the first derivative of -a**3/3 + 3*a**2/2 + a + 5. Let m be i(-1). Let s(x) = 124*x**2 - 2*x - 5. Is s(m) a composite number?
False
Let o = -140514 + 418879. Is o a prime 